2).
4
Let c(v) = -v**2 - 13*v + 1. Let w(b) = b**2 + 6*b - 46. Let x be w(4). Determine c(x).
43
Let z(x) = -3*x - 8. Suppose 4*y + 7 = -3*o - 16, 3*o + y + 17 = 0. Give z(o).
7
Let z(p) be the third derivative of -p**5/20 - p**4/24 + p**3/3 - 99*p**2. Calculate z(-2).
-8
Suppose 24 = 17*l - 44. Let i(y) be the third derivative of 0 - 1/10*y**5 + 0*y + 1/3*y**3 + 1/120*y**6 + 0*y**l + y**2. Give i(6).
2
Let d be (-6)/4*142/(-213). Let g(k) be the second derivative of 13*k**3/6 - k**2/2 + k. Determine g(d).
12
Let b(v) = v**2 - 12*v**2 - 2*v**2 + 6*v**2. Suppose -2*i - 4 = 2*i. Give b(i).
-7
Let i(u) = 14*u - 1. Suppose -82*c + 85*c - 9 = 0. Suppose 0 = -2*f - f + 5*z - 2, 0 = f + c*z - 4. What is i(f)?
13
Let b(s) be the third derivative of -s**5/30 + s**4/8 - s**3/6 + 202*s**2. Suppose 0 = -6*p + 2*p + 8. Determine b(p).
-3
Let x = -1 + 0. Let f be 0/(0 - (x - 1)). Let k(n) be the third derivative of n**5/60 - n**4/24 + n**2. Calculate k(f).
0
Let x(w) be the first derivative of -7*w**4/12 - w**3/3 - w**2/2 - 12*w + 4. Let y(n) be the first derivative of x(n). Give y(-1).
-6
Let i(f) be the third derivative of f**6/240 + f**4/6 - 17*f**2. Let k(y) be the second derivative of i(y). Give k(1).
3
Let z(s) = -2*s + 8. Suppose 5*c = 4*b + 35, 0*c - 3*c + 3*b + 24 = 0. Let g be z(c). Let i(d) = d**2 + d - 1. Give i(g).
5
Let s(v) be the second derivative of -v**6/120 + v**4/24 - 2*v**3/3 + 5*v**2 + 28*v. Let j(n) be the first derivative of s(n). Calculate j(0).
-4
Let v(m) be the first derivative of -7*m**3/3 - 12*m + 2. Let y(n) be the first derivative of v(n). Give y(1).
-14
Let r(j) = j**3 - j**2 - 3*j - 3. Suppose 2*b - 7*b - 10 = 0. Calculate r(b).
-9
Let r(o) = o**2 - 3*o**2 + 2 + o**2 + 0. Calculate r(-2).
-2
Suppose 0 = -g - 3*g. Let c(t) = -2*t**2 - 5*t + 17. Let n(x) = -x**2 - 3*x + 10. Let d(h) = 3*c(h) - 5*n(h). Give d(g).
1
Let a(k) be the second derivative of k**5/20 + 3*k**4/4 + k**3 - 2*k**2 - 12*k - 3. Determine a(-8).
12
Let q(t) = -t - 220. Let j(p) = 3*p + 621. Let y(d) = 6*j(d) + 17*q(d). Suppose -a = -5*a. Calculate y(a).
-14
Let r(a) be the second derivative of a**4/12 + a**3/2 + a**2 + 68*a. What is r(-2)?
0
Let a(r) = 2*r**3 + r**2 - r + 1. Let l(n) = -3*n**3 - 10*n**2 + 3*n + 9. Let p(w) = -a(w) - l(w). Calculate p(-9).
8
Let l be 2/(((-5)/2)/(-5)). Suppose -l*a - 10 = -2. Let q(y) = 3*y**3 + 221 + 0*y**3 - y - 219 - y**3 + 2*y**2. Give q(a).
-4
Let k(h) = -h**3 - 18*h**2 + 38*h - 26. Let s be k(-20). Suppose 2*f = -5*c - 37, 6*c - 4*c = -f - s. Let t(i) = -i**2 - 10*i - 6. Calculate t(c).
3
Let s(g) be the first derivative of 2*g**2 + g + 89. Calculate s(6).
25
Let r = 4 - -1. Suppose r*p - 3 + 8 = 0. Let i(x) = 9*x**3 - x**2 - x. Calculate i(p).
-9
Let v(c) = 5*c**2 - 7*c + 2. Let p(y) = -4*y**2 + 6*y - 2. Let z(k) = -4*p(k) - 3*v(k). Let a be 3 + (5 - 2)/3. Let w be (-12)/(-7) + a/14. Determine z(w).
0
Let u(f) = 2*f**3 - 3*f**2. Let p = 17 - 10. Suppose -10*i + p*i = 0. Suppose i = 3*h - 15, 5*h - 18 - 5 = z. Give u(z).
4
Let o(h) be the second derivative of -5/6*h**3 - 13*h + 0 + 1/2*h**2. Determine o(2).
-9
Let d(x) = x + 29. Suppose 0 = -12*t + 28*t. What is d(t)?
29
Let a(t) = 4*t**3 + t**2 + 6*t + 2. Let v(d) = 9*d**3 + 2*d**2 + 15*d + 4. Let c(r) = -7*a(r) + 3*v(r). Determine c(2).
-8
Let i = 0 - 0. Let t(b) = 5*b**2 + 5*b - 4*b + 10 - 5*b - 5. Let h(j) = -6*j**2 + 5*j - 6. Let g(a) = -4*h(a) - 5*t(a). What is g(i)?
-1
Let h(w) = 5*w + 7. Suppose -5*u = -2*m + 35, 2*u + 2*u + 2*m + 10 = 0. Determine h(u).
-18
Let y(h) be the first derivative of -h**2 + 24*h - 83. Calculate y(11).
2
Let t(c) = -c + 17. Suppose h - 7 - 11 = 4*b, 8 = -4*b. Give t(h).
7
Let o(x) = -x**3 - 10*x**2 + 11*x - 13. Let s be (-13)/117 - (-294)/(-27). Give o(s).
-13
Let h(q) be the second derivative of q**5/60 - q**4/12 - q**3/2 - 7*q**2/2 + 11*q. Let f(i) be the first derivative of h(i). Give f(3).
0
Suppose -n = -5*n. Suppose 5*t + n*t = 0. Let r(p) = -4*p - 3 - 2*p + p + t*p - 2*p**2. Give r(-3).
-6
Suppose -2*g + 12 = 5*c + 2, -4*c + 8 = -4*g. Let w(b) = -c*b**2 + 8 + 12*b + 0*b**2 - 20*b + 3*b**2. Suppose r = 11 - 4. Calculate w(r).
1
Let j(d) = -d + 4*d + 0*d - 4. Let y(g) = g**3 - g**2 + 18*g - 36. Let m be y(2). Determine j(m).
8
Let i be (-8 + 9)*1*10. Let b(v) be the second derivative of -5/3*v**3 + 0*v**2 + 1/12*v**4 - 19*v + 0. What is b(i)?
0
Let w(f) = 7*f**2 - f + 2. Let i be (-2)/(4/((-4)/1)). Calculate w(i).
28
Let i(u) be the third derivative of -1/6*u**4 - u**2 + 0*u - 1/3*u**3 + 0. Suppose 24 = -5*b + 14. Calculate i(b).
6
Let q = -24 - -42. Let f be 34/9 - (-4)/q. Let j(y) = -4 + 2*y + 0 + 0 - 4*y**2 + y**3. Calculate j(f).
4
Let z(b) = -2*b**3 - 5*b**3 + 2*b + 1 + 2*b**2 + 6*b**3. Suppose 2 = -4*p - 30*y + 32*y, -4*p + 5*y - 23 = 0. Calculate z(p).
-2
Suppose -2 = b + 3*i, 0 = -3*b - 3*i - 7 - 5. Let v(j) = -5*j + 7. Determine v(b).
32
Let f(w) = 0*w**2 + w**2 + 2*w - 54 - 14*w - 60 + 99. Give f(14).
13
Let m(t) be the second derivative of -5*t**3/2 - t**2 - 4*t - 9. What is m(3)?
-47
Let j = 318 - 325. Let l(f) = -f - 10. Let s(k) = k + 10. Let b(d) = 5*l(d) + 4*s(d). Give b(j).
-3
Suppose -s + 4*s + 9 = 0. Let m(q) be the second derivative of -q**4/12 - 3*q**2/2 - q - 36. Calculate m(s).
-12
Let m(k) = -23621*k - 3 + 1 + 23617*k. Determine m(6).
-26
Let z(m) be the third derivative of m**4/12 - 2*m**2 + 8. What is z(4)?
8
Suppose 3*o = h - 118, -11 - 59 = 2*o - 5*h. Let q = o + 41. Let y(k) = -k**2 + 2*k - 1. Calculate y(q).
0
Let r(g) = 24 - 3 - 15 + 6*g - 6. What is r(-1)?
-6
Let n(k) be the second derivative of k**3/6 + 3*k**2/2 + 8*k. Let i(h) = -4*h + 5*h + 2 + 1. Let o(t) = -5*i(t) + 4*n(t). Calculate o(-5).
2
Let j(y) be the first derivative of -y**5/120 - 10*y**3/3 - 8. Let s(c) be the third derivative of j(c). Calculate s(6).
-6
Suppose -2*s = -55 + 49. Let d = 1 + 1. Let j(r) = 4*r**s - 3*r - r - 5*r**d - 5*r**3. Give j(-3).
-6
Let b(l) be the third derivative of -l**5/60 + 11*l**4/24 + l**3 + 10*l**2 - 3. What is b(5)?
36
Let m(d) = -d**2 + 8*d + 6. Let w = -407 + 417. Calculate m(w).
-14
Let z(h) be the first derivative of -h**5/10 + h**4/24 - h**2 + 16. Let t(u) be the second derivative of z(u). Give t(-1).
-7
Let u(c) = c**2 + 5*c + 6. Let l be u(-4). Let t(i) = i + 7. Let n be t(-3). Let h(w) = -n + 2*w + 1 + 7*w**3 - 9*w**3 + 2. What is h(l)?
-13
Let v(h) be the first derivative of h**2 + 14*h + 404. What is v(-6)?
2
Suppose 4*t + 4*q - 76 = 0, -3*t = 5*q - 4 - 45. Suppose -t*p + 16 = -19*p. Let k(d) = -2*d - 2. Determine k(p).
-10
Let c(x) = 3*x - 15. Let p be c(4). Let d(j) = j + 2. Give d(p).
-1
Let o be (-1)/2 + 26/4. Suppose -4*x - r = -5*x + 5, -2*x + 5*r + 16 = 0. Let i(s) = 5*s + 5*s**2 + 8 - s**x - 29 + 15. Calculate i(o).
-12
Let d = -5 + 4. Let r(x) = -1 - 2*x - 56*x**2 + 162*x**2 - 62*x**2 - 54*x**2. Calculate r(d).
-9
Let o(f) = f**3 + 7*f**2 + 7*f + 13. Let b be o(-6). Let l(x) = -x**3 + 5*x**2 + 13*x + 9. What is l(b)?
2
Let m(s) be the second derivative of 3*s**5/20 - s**4/12 - s**2/2 - 108*s. Give m(2).
19
Let a(d) be the first derivative of -d**2/2 - 6*d - 286. Let i(w) = -w**3 + w - 1. Suppose 2*x + 6 = 2. Let p be i(x). Give a(p).
-11
Let r be -4*((-5)/(-4) + 1). Let h(n) be the third derivative of -n**5/60 - n**4/3 + 13*n**3/6 - 6*n**2 - 5. Give h(r).
4
Suppose -94*l = -82*l + 60. Let p(m) = 13*m**3 + 23*m**2 + 8*m - 1. Let n(h) = -7*h**3 - 12*h**2 - 4*h + 1. Let z(a) = 11*n(a) + 6*p(a). Determine z(l).
10
Let y(n) be the first derivative of -n**4/4 + n**3/3 + 2*n**2 - 4*n + 2. Let f = 79 + -76. Determine y(f).
-10
Let s(z) be the second derivative of z**6/720 - z**5/40 - z**4/12 - 6*z. Let d(j) be the third derivative of s(j). Let r = -9 + 15. Determine d(r).
3
Let m(w) = -87*w**2 + 7*w + 10. Let b(i) = -28*i**2 + 2*i + 3. Let z(l) = 7*b(l) - 2*m(l). Give z(1).
-21
Let a(q) = q**3 - q**2 - 5*q + 2. Let j = 11 - 8. Let m be a(j). Let g(v) be the second derivative of v**5/20 - v**4/3 - 5*v**3/6 - 44*v. Calculate g(m).
0
Suppose 10*v = -0*v. Suppose v = 4*m - m. Let r(f) = -f**3 + 2. Give r(m).
2
Let r(q) = 9*q**3 - 5*q**2 + 2*q - 1. Let f(m) = 16*m**3 - 10*m**2 + 4*m - 1. Let n(t) = 4*f(t) - 7*r(t). Let h = 0 - -4. Calculate n(h).
-5
Let t(s) = 38*s**3 - 8*s**2 + 25*s**3 - 8*s 